vert 18878 (base 11) to base 7.
136541
1162302 (base 7) to base 8
444301
What is -11200323113 (base 4) in base 12?
-59869b
18766247 (base 9) to base 8
44152511
Convert 14232404 (base 5) to base 6.
3110144
What is -332073 (base 8) in base 6?
-2221003
What is -170284 (base 12) in base 5?
-100104442
Convert 1100001010111001 (base 2) to base 6.
1022441
-243102424 (base 6) to base 11
-2680628
Convert -133a166 (base 11) to base 8.
-10643714
-27a4cc0 (base 13) to base 2
-101111110111110010000011
105705 (base 13) to base 10
383466
Convert 4965a54 (base 11) to base 8.
40732261
What is 10010010111011011111 (base 2) in base 12?
25033b
Convert -124313 (base 8) to base 6.
-532015
411834 (base 13) to base 11
946a97
1011122212000 (base 3) to base 14
123175
-110011000100110110010 (base 2) to base 12
-68866a
What is 4158840 (base 10) in base 6?
225045520
Convert -211000 (base 6) to base 3.
-212102000
Convert 2121112102 (base 3) to base 8.
144333
Convert -22314131 (base 6) to base 10.
-678727
Convert 253250 (base 10) to base 14.
68414
What is 1bcf5 (base 16) in base 6?
2235205
What is -59912c (base 13) in base 10?
-2133494
Convert -124ad (base 14) to base 5.
-2413331
1551421 (base 6) to base 10
92389
What is -69c174 (base 14) in base 3?
-20210012101101
181e10 (base 16) to base 13
434557
What is 7c6a2 (base 14) in base 4?
1022000312
-2200323030 (base 5) to base 3
-22211201011002
Convert -233030200030 (base 4) to base 10.
-12371980
1111110001011000111000 (base 2) to base 14
798a24
What is 5e3796 (base 15) in base 14?
858442
What is -3004321041 (base 5) in base 4?
-112220121212
1001010000101000010 (base 2) to base 5
34202201
Convert 1666572 (base 8) to base 16.
76d7a
-110222002220 (base 3) to base 7
-2112051
What is -1668fa (base 16) in base 3?
-2202121122001
Convert 11011011111011101111 (base 2) to base 10.
900847
26c88a (base 13) to base 4
3211323112
Convert 12024336 (base 7) to base 12.
434519
Convert 8ca8a (base 14) to base 15.
6b678
Convert 1230032 (base 4) to base 11.
5227
What is 2563760 (base 10) in base 11?
14a1211
-101033032201 (base 4) to base 2
-10001001111001110100001
-e1a0a2 (base 16) to base 7
-236453656
What is 1008618 (base 11) in base 15?
253439
224420 (base 10) to base 15
46765
a3868 (base 15) to base 7
4256000
What is -127411 (base 8) in base 11?
-30736
What is 1010001111011001101 (base 2) in base 14?
8a40d
Convert 1622110 (base 7) to base 16.
36b23
What is 24235 (base 11) in base 12?
18232
-774726 (base 8) to base 5
-31314231
Convert 90428a (base 13) to base 8.
14620535
Convert 1016903 (base 14) to base 3.
112021102021202
Convert -3312322402 (base 5) to base 16.
-6d1ff2
Convert -1000001100001001001101 (base 2) to base 8.
-10141115
Convert -1170215 (base 8) to base 4.
-1033002031
Convert -1212101010102 (base 3) to base 7.
-11266523
-159729 (base 13) to base 9
-1005003
What is -6484443 (base 9) in base 16?
-351c21
Convert -231313332 (base 5) to base 8.
-3762465
9a7b (base 16) to base 7
223204
75015 (base 11) to base 15
22523
822947 (base 14) to base 2
10000101110111110110011
What is -249b7d (base 14) in base 9?
-2324251
2410202 (base 5) to base 12
21863
Convert 15455415 (base 9) to base 4.
131123012012
-816ed (base 16) to base 12
-216979
2020757 (base 10) to base 2
111101101010110010101
What is -4036335 (base 7) in base 13?
-13a655
868b (base 16) to base 11
23972
-20011200212010 (base 3) to base 12
-1122970
What is 113020202 (base 4) in base 12?
46a02
What is 42331b (base 12) in base 14?
1d1c7d
480c96 (base 15) to base 11
1a43599
What is -20ce1 (base 16) in base 5?
-13244434
1225534 (base 7) to base 4
212211202
What is 88756 (base 11) in base 9?
215462
470163 (base 8) to base 15
32574
-32012010102 (base 4) to base 7
-43256130
What is 331213100 (base 4) in base 9?
424158
What is 1a985 (base 11) in base 3?
1110222000
What is -eb6d6 (base 15) in base 9?
-1358243
Convert 90ccd (base 15) to base 7.
3616534
10101202101111 (base 3) to base 2
110111000111011000000
What is -1004200 (base 10) in base 8?
-3651250
Convert 10011111001011100 (base 2) to base 12.
3b1b8
What is 320432410 (base 5) in base 8?
5076607
Convert -14245544 (base 6) to base 4.
-1313102020
What is -333123023 (base 4) in base 8?
-773313
What is 2001343 (base 5) in base 3?
1121011200
What is 1010011110100100 (base 2) in base 16?
a7a4
Convert 3524233 (base 6) to base 12.
89679
What is cfeef (base 16) in base 15?
11c54a
Convert a1a4b (base 12) to base 3.
101200212112
What is -12242142 (base 5) in base 14?
-3122a
-3723266 (base 8) to base 16
-fa6b6
What is -772511 (base 8) in base 4?
-333111021
What is -120313120 (base 4) in base 15?
-2029d
115534 (base 9) to base 13
2594b
Convert c655 (base 14) to base 7.
201435
Convert a119ed (base 15) to base 10.
7649998
-74477 (base 11) to base 10
-108379
30540 (base 11) to base 15
d317
-100011100010110111 (base 2) to base 15
-2d211
What is -225434130 (base 6) in base 10?
-4188294
20012124 (base 5) to base 8
462754
What is 11001100100001111 (base 2) in base 10?
104719
Convert -40a62 (base 15) to base 11.
-12a9a0
48652 (base 9) to base 6
410545
What is -fc64e6 (base 16) in base 9?
-34110760
Convert -40339 (base 12) to base 15.
-19ab6
Convert -402002 (base 6) to base 4.
-13230302
Convert -6c27a1 (base 16) to base 15.
-950258
Convert 716cc1 (base 13) to base 9.
4867433
-155040215 (base 7) to base 4
-213332231123
What is -130503215 (base 7) in base 10?
-8320604
-20056051 (base 7) to base 13
-462166
What is 1001111111000011110 (base 2) in base 10?
327198
What is c91d9 (base 15) in base 8?
2336540
-36be3 (base 15) to base 16
-2aadd
What is -182bc2 (base 14) in base 7?
-10151532
What is -90093 (base 10) in base 14?
-24b93
-1000001011110011111 (base 2) to base 16
-4179f
1304024321 (base 5) to base 15
42eec6
What is 18168 (base 10) in base 15?
55b3
Convert -652155 (base 8) to base 11.
-139a53
What is -200122012020 (base 3) in base 4?
-1121203230
-102812 (base 15) to base 4
-2323133012
What is -183965 (base 10) in base 4?
-230322131
-dfa9f (base 16) to base 15
-1316a2
Convert -121525 (base 11) to base 4.
-232330220
Convert -774c39 (base 13) to base 14.
-531dd0
-113043323 (base 5) to base 14
-d6dc0
Convert -41783 (base 11) to base 6.
-1145345
What is -714202 (base 10) in base 15?
-e1937
728467 (base 12) to base 15
257a1a
Convert 122011143 (base 5) to base 13.
173677
What is -52001604 (base 7) in base 15?
-5aee89
-552555305 (base 6) to base 14
-1469825
Convert -13650301 (base 7) to base 9.
-2374751
Convert -5098 (base 13) to base 12.
-651a
-1838 (base 12) to base 11
-2219
Convert -212700 (base 11) to base 10.
-340252
1641677 (base 9) to base 16
def70
281657 (base 11) to base 3
211102102021
What is -2322e6 (base 16) in base 7?
-25400252
What is 23286500 (base 9) in base 16?
acf7ca
Convert -1233132133 (base 4) to base 9.
-765311
-2022101010121 (base 3) to base 15
-193b8d
Convert -39312 (base 12) to base 11.
-53837
Convert -10302034 (base 8) to base 14.
-412696
Convert -151101035 (base 6) to base 14.
-5b818b
-29e7b (base 15) to base 8
-407353
-331040004 (base 6) to base 3
-102011022010011
What is -101111010000111110 (base 2) in base 9?
-324508
What is -122041200 (base 5) in base 16?
-8dcc0
-10112100020 (base 3) to base 8
-207600
Convert 2334134 (base 6) to base 16.
1da6a
What is -934c80 (base 14) in base 6?
-254301040
2387239 (base 10) to base 12
971607
Convert 370054 (base 10) to base 5.
43320204
Convert 227761 (base 8) to base 11.
53506
Convert -391c (base 16) to base 15.
-44ea
What is -1992100 (base 10) in base 9?
-3665574
3918a0 (base 16) to base 14
6d5916
1004314 (base 5) to base 14
5c9b
What is -1220202000 (base 3) in base 5?
-2201334
What is 20155241 (base 6) in base 7?
4614163
What is 111010000010000111011110 (base 2) in base 11?
8650850
Convert 2b3d8 (base 14) to base 5.
11422134
What is 1001102000021 (base 3) in base 10?
559150
Convert 120212022202022 (base 3) to base 8.
40122160
302021032320 (base 4) to base 3
220201211120110
Convert 2312302 (base 6) to base 7.
1002263
What is 23210303022 (base 4) in base 15?
3ee0c9
What is 1141301 (base 7) in base 14?
3a971
Convert 339b7 (base 13) to base 15.
1cc80
What is 12405144 (base 6) in base 10?
405496
-23961 (base 15) to base 4
-123231103
110011000111 (base 3) to base 14
63205
32211200 (base 4) to base 6
114033